) be the third derivative of f**4/24 - 2*f**3/3 - 3*f**2. Give t(4).
0
Suppose 0 = -5*v - 0*v + 15. Let a(b) = 3*b - v*b - 2*b + 2 - b. Determine a(4).
-10
Let h = -16 + 21. Suppose -8 = h*d + 2. Let n(o) = 5*o + 2. Determine n(d).
-8
Let t(c) = -2*c - 58. Let a be t(-29). Let j(r) = -2*r - 15. Let l(x) = 3*x + 22. Let n(m) = -7*j(m) - 5*l(m). What is n(a)?
-5
Let u = 16 - 14. Let m(q) = 3*q**3 - 4*q**3 + 7*q**u - q + 0*q + 4 - 6*q. What is m(6)?
-2
Let j(v) = -2*v**3 + 3*v - 1. Let a(c) = -c**2 - 6*c + 2. Let x = -10 - -4. Let z be a(x). Determine j(z).
-11
Let o = -9 + 11. Let q(v) = 1 + 4 + 0*v**2 + 2*v**o - 4. Calculate q(-1).
3
Let b(d) be the first derivative of -d**4/4 + 7*d**3/3 - 3*d**2 - 7. Give b(6).
0
Let q(j) = j**3 - j**2 + 4. Let v(k) = -k**3 - 2*k**2 - k + 4*k + 0*k**2. Let r be v(-3). Give q(r).
4
Let t be 5 + -3 + (-5)/1. Let f = t - -1. Let k(g) = 0*g**2 - 3*g**2 - 2 - 4*g + 0*g. Calculate k(f).
-6
Let u(a) = -3*a - 7. Let h be ((-6)/(-18))/(2/12). Suppose q + 8 = 4*l + 19, -h*q - 18 = 2*l. Give u(q).
8
Let t(n) be the first derivative of -10*n**3/3 + n**2/2 + 7. Determine t(1).
-9
Let r(j) be the second derivative of j**8/3360 - j**7/630 + j**6/240 - j**4/12 - j. Let h(y) be the third derivative of r(y). Determine h(2).
6
Let x(y) be the second derivative of -y**3/3 - 7*y**2/2 + 14*y. Determine x(-7).
7
Let d(l) = l**3 - 4*l**2 + 4*l - 3. Let m be d(3). Suppose m*f = -2*f. Let v(u) = 3 + 2 - 7 - u**2. Determine v(f).
-2
Suppose -2*x + 29 = -x + 5*t, 0 = -5*t + 25. Let h(z) be the first derivative of -1/3*z**3 + 0*z + 3/2*z**2 - 1. Determine h(x).
-4
Let p(m) be the third derivative of 0*m - 4*m**2 + 0 - 2/3*m**3 + 1/24*m**4. Let j = -1 + 5. Calculate p(j).
0
Let a = -32 - -37. Let b(u) = 2*u - 3*u + 4 + u**2 + 1 - 6*u. Give b(a).
-5
Let t(k) = -13*k - 1. Let z be t(-1). Suppose -l - 3*l = -z. Let q(p) = 0*p - 2*p + 0*p + 7*p**2 - p**3 - 3*p**2. Determine q(l).
3
Let t(x) = x**2 + 4*x + 1. Let c(g) = 2*g**2 + 8*g + 3. Let w(n) = -3*c(n) + 5*t(n). Let u be w(-3). Let y(d) = 8*d + 1. Give y(u).
-7
Suppose -68 = 5*i - 3*h, -4 = h - 0. Let k be ((-4)/2)/(i/24). Let s(x) = 0*x**3 + 0*x - 7*x + 6*x**2 - x**k. Calculate s(5).
-10
Let p be 24/60*(2 - -18). Let v(s) = -s - 3. Calculate v(p).
-11
Let p(z) = 2*z**3 - 4*z**2 + 3*z - 1. Suppose 0 = -6*a + 5*a + 12. Let l be (3*-1)/(a/(-8)). Give p(l).
5
Let b(d) = -d**3 + 7*d**2 - 2*d + 5. Let l = 50 - 43. Give b(l).
-9
Let i(p) = -p**3 - 2*p**2 + p - 2. Let x = 58 - 61. Determine i(x).
4
Let o(h) = 23*h - 44*h - 2 + 23*h. Let d be (0 + -2)*-1*-4. Let l = d - -11. What is o(l)?
4
Let i(q) = -9*q**2 + 7*q - 1. Suppose -2*t - 20 = 3*t. Let o = -2 + t. Let l(f) = 19*f**2 - 15*f + 2. Let w(d) = o*l(d) - 13*i(d). Give w(1).
3
Let n(y) be the second derivative of y**3/2 + y**2 - 8*y. Suppose j = -3*h - 9, h + 5*j + 7 = -10. Determine n(h).
-4
Let m(y) be the third derivative of y**5/60 - 5*y**4/12 - 5*y**3/6 + 6*y**2. Let g(w) = -w**2 + 9*w + 5. Let n(d) = -6*g(d) - 5*m(d). Determine n(5).
0
Let n be (8 - (2 - 1)) + -2. Let g(b) = -3*b**2 - 9*b + 15. Let p(k) = -2*k**2 - 4*k + 8. Let a(j) = 3*g(j) - 5*p(j). What is a(n)?
-5
Let b be 1/(-2 + 3)*0. Let a(i) = -3*i + b*i + 4*i. Let d = -3 - -4. What is a(d)?
1
Suppose 6 = 4*t + 14. Let d(i) = 5*i + 2. Determine d(t).
-8
Let g(i) = i + 12. Suppose -3*z = -5*d - 4*z - 36, -d + 3*z = 4. Determine g(d).
5
Let z be (7/(-7) - 1)/((-2)/(-3)). Let q(k) = -2*k - 4. Determine q(z).
2
Let x(s) be the third derivative of -2/3*s**3 - 3*s**2 + 0*s - 5/24*s**4 + 1/120*s**6 + 1/15*s**5 + 0. Determine x(-5).
-4
Let y(l) = -l. Let a(w) = 7 - w**2 + 3 + 8*w + 0. Let q be a(9). What is y(q)?
-1
Let y(w) = 3 - w**3 - 5*w**2 + 0 + 7*w + 13 - 7. Determine y(-6).
3
Let a(j) be the second derivative of -j**4/12 - j**3 - 2*j**2 + 3*j. What is a(-6)?
-4
Let w(b) = -2*b - 3. Let z(d) = -d - 2. Let y(n) = -2*w(n) + 3*z(n). Calculate y(4).
4
Let n(m) = 2*m - 1. Let f(l) = 3*l - 3. Let z(p) = 3*f(p) - 5*n(p). Let q(g) = 2*g + 5. Let i be q(-5). Calculate z(i).
1
Let o(n) = n**2 - 2*n - 7. Suppose -11 = -p - 0*p - 2*l, 3*p = -4*l + 37. Let t = 3 - p. Let f be 3/t - 21/(-4). Calculate o(f).
8
Let y(n) = n**3 + 5*n**2 - 6*n + 5. Let i be y(-6). Let g(d) = d**2 - 4*d - 4. Calculate g(i).
1
Let n be 0 - (1 + 0 + -3). Let y(m) be the second derivative of -1/3*m**4 - 3/2*m**n + 2*m + 5/6*m**3 + 0 - 1/20*m**5. Give y(-5).
-3
Suppose 2*t + 1 = 5, n + 3*t - 9 = 0. Let x be (5 - 6)/((-1)/n). Let v(c) = -c - 4 + 2 + 1. Give v(x).
-4
Let d(m) = -2*m**2 - 5*m + 3. Let o(x) = 5*x**2 + 14*x - 9. Let g be (2/5)/((-2)/40). Let r(t) = g*d(t) - 3*o(t). Determine r(3).
6
Let p = -89 + 91. Let y(s) = -4*s**2 + 8*s - 3. Let w(j) = j**2 - j. Let a(l) = 5*w(l) + y(l). Determine a(p).
7
Let x(s) = -s**2 - s - 1. Let k be (-3 - -3)/2 + -2. Calculate x(k).
-3
Let m(j) = -1 + 2*j**2 - 3*j**2 - 6*j - j. Let u(q) = 2*q + 11. Let k be u(-8). Let l be (-46)/10 + 2/k. Determine m(l).
9
Suppose 9*o - 7*o - 22 = 0. Let j = o + -8. Let s(w) = -w**2 + 2*w. What is s(j)?
-3
Let n(g) be the first derivative of -g**4/4 - 3*g**3 - 6*g**2 - 10*g - 63. Determine n(-8).
22
Let m(i) = -i**2. Let n(r) = 6*r**2 + 6*r + 5. Let w(z) = -5*m(z) - n(z). Suppose -1 + 6 = -u. Calculate w(u).
0
Let v(h) = 4*h**3 - h**2 - h - 1. Let t = 8 - 9. Determine v(t).
-5
Suppose k = -3 + 2. Let h(t) = -9*t**3 - 7*t**2 + t + 1. Let w(b) = 8*b**3 + 6*b**2 - b - 1. Let y(c) = 5*h(c) + 6*w(c). Give y(k).
-2
Let y(z) = -z**2 - 12*z - 3. Let c be y(-12). Let m be 9/c*(2 - 3). Let r(x) = -2*x + 3. Determine r(m).
-3
Let g(m) = m + 2. Let z be g(-1). Let q(l) = 7*l**2 - 4*l - 5. Let i(s) = s**2 - 1. Let b(c) = z*q(c) - 6*i(c). What is b(3)?
-2
Let f(n) = -2*n**2 - 31 - 23 + n - n**3 - 2*n**2 + 52. What is f(-4)?
-6
Let x(p) = p - 4. Let z(b) be the third derivative of b**5/60 + 11*b**4/24 + b**3/2 + 2*b**2. Let g be z(-10). Let i = -3 - g. Determine x(i).
0
Let a(m) = 12*m + 26. Let b(s) = 4*s + 9. Let c(x) = -6*a(x) + 17*b(x). Calculate c(-2).
5
Let n(f) = 6*f + 32. Let u be n(-6). Let v(p) = -p - 9. Calculate v(u).
-5
Let j(w) = w**2 - 2*w - 1. Suppose 4*z = f + 1 + 9, -5*z = 5*f. Determine j(z).
-1
Let m = -1 + 5. Suppose 1 = -5*o + 3*k, 0*o - 8 = -m*o - 2*k. Let z(i) = -10*i**3 - i**2 + 1. Calculate z(o).
-10
Suppose 0 = -6*a + a - 75. Let z = a - -13. Let s(o) = o + 1. Determine s(z).
-1
Let h = 35 + -20. Let m(j) = 4*j - 7 - 9 + h. What is m(-1)?
-5
Let p(f) = 9*f**2 - 23*f - 20. Let x(h) = -5*h**2 + 12*h + 11. Let i(k) = -6*p(k) - 11*x(k). Give i(-7).
6
Suppose -3*m + 0 = 15. Let v = -7 - -6. Let r(y) = -y. Let f(u) = u**2 + 8*u - 6. Let a(x) = v*f(x) - 5*r(x). What is a(m)?
-4
Let f(z) = -z + 7. Suppose -5 = 2*d - 107. Let w be d/9 + 5/15. Determine f(w).
1
Let c(k) = -4*k + 19. Let l be c(6). Let j(r) = r**3 + 6*r**2 + 8*r + 6. What is j(l)?
-9
Suppose 4*u = 4*b, 0 = -3*u + 7 + 2. Let w(m) = 5*m - 4*m + 0*m - m**2 + b. Give w(3).
-3
Let t be 26/(-8) - (-3)/12. Let w(p) = -11 + 15 - 8 - p**2 - 2*p. Calculate w(t).
-7
Let t(i) = i - 9. Let z be t(11). Let p(l) = -12*l + l**3 + 11*l + 0*l**3 + 2*l**z. Give p(-2).
2
Let c(l) be the third derivative of 0*l - 2*l**2 - 1/8*l**4 - 5/6*l**3 + 0. Let y(n) = -n + 1. Let t be y(6). What is c(t)?
10
Let f(j) = 4*j**2 + 4*j**3 + j + 0*j**3 + 2 - 3*j**3. Let y(x) = -x - 1. Let q(w) = -f(w) - 2*y(w). Calculate q(-3).
-12
Suppose 3*l + 10 + 2 = 0. Let c be (-2)/8 + (-13)/l. Let k(i) = 1 - i**2 - 10*i**3 - 5*i + 11*i**3 + 1. Give k(c).
5
Let s(j) = 4*j**3 + 6*j**2 + 3*j + 2. Let h(t) = -t**3 - t**2 - t. Let o be (0 + -1)/(3/(-15)). Let y(m) = o*h(m) + s(m). What is y(2)?
-6
Let m(y) = -7 + 16*y - 4*y**2 + 2 - 17*y - y**3. Calculate m(-4).
-1
Let i(d) be the second derivative of -d**3 - 3*d**2/2 + d. Let f(n) = -n**3 + 5*n**2 + 5*n + 4. Let l be 5 + -1 - 4/(-2). Let j be f(l). Calculate i(j).
9
Suppose -3*o = 2*s - 12, 2*s + 4 = 4*o - 3*o. Let w be 0/(s + 3) + -1. Let y(l) = l - 1. What is y(w)?
-2
Let g(j) = -j + 4. Suppose 7 = s + 3*v, -2*s - 3*s = -5*v - 55. Suppose s = 2*b + 4. Give g(b).
1
Let d(g) = -g**3 + 5*g**2 + 6*g + 1. Let l be (3 - 3) + (-18)/(-3). What is d(l)?
1
Suppose -2 = -3*i + 1. Let p(n) = n**2. Let y(d) be the second derivative of d**5/20 + d**4/4 + d**3/2 - 3*d**2/2 - d. Let j(t) =